{"id":75,"date":"2016-09-10T13:42:35","date_gmt":"2016-09-10T11:42:35","guid":{"rendered":"http:\/\/tovte.de\/?page_id=75"},"modified":"2024-07-18T21:40:27","modified_gmt":"2024-07-18T19:40:27","slug":"tobias-gubesch-klarinette","status":"publish","type":"page","link":"http:\/\/tovte.de\/en\/musiker\/tobias-gubesch-klarinette\/","title":{"rendered":"Tobias Gubesch \u2013 clarinet"},"content":{"rendered":"<figure id=\"attachment_1139\" aria-describedby=\"caption-attachment-1139\" style=\"width: 700px\" class=\"wp-caption alignleft\"><img decoding=\"async\" loading=\"lazy\" class=\"size-large wp-image-1139\" src=\"http:\/\/tovte.de\/wp-content\/uploads\/2024\/07\/Tovte_highres_2500px_\u00a9niclasweber-11-700x1050.jpg\" alt=\"\" width=\"700\" height=\"1050\" \/><figcaption id=\"caption-attachment-1139\" class=\"wp-caption-text\">\u00a9 Niclas Weber<\/figcaption><\/figure>\n<p><span style=\"font-family: Verdana Pro Cond Light, sans-serif;\"><span style=\"font-size: medium;\">T<\/span><\/span><span style=\"font-family: Verdana Pro Cond Light, sans-serif;\"><span style=\"font-size: medium;\">obia<\/span><\/span><span style=\"font-family: Verdana Pro Cond Light, sans-serif;\"><span style=\"font-size: medium;\">s Gubesch (1991+) studied clarinet and instrumental pedagogy at the Hochschule f\u00fcr <\/span><\/span><span style=\"font-family: Verdana Pro Cond Light, sans-serif;\"><span style=\"font-size: medium;\">Since 2018, he has been studying music and media at the Institute for m<\/span><\/span><span style=\"font-family: Verdana Pro Cond Light, sans-serif;\"><span style=\"font-size: medium;\">usik und Medien der Robert Schumann Hochschule D\u00fcsseldorf.<\/span><\/span><\/p>\n<p align=\"left\"><span style=\"font-family: Verdana Pro Cond Light, sans-serif;\"><span style=\"font-size: medium;\">He plays various styles, <\/span><span style=\"font-size: medium;\">particularly<\/span><\/span><span style=\"font-family: Verdana Pro Cond Light, sans-serif;\"><span style=\"font-size: medium;\">on the clarinet, bass clarinet and saxophone<\/span><span style=\"font-size: medium;\"> Saxophon<\/span> <span style=\"font-size: medium;\">He is a founding member of the Cologne-based ensemble 'electronic ID',<\/span><span style=\"font-size: medium;\"> which specializes in <\/span><span style=\"font-size: medium;\">the <\/span><span style=\"font-size: medium;\">inter<\/span><\/span><span style=\"font-family: Verdana Pro Cond Light, sans-serif;\"><span style=\"font-size: medium;\">pretiation <\/span><span style=\"font-size: medium;\">of 21st century intermedia music, and the klezmer group 'Tovte',<\/span><span style=\"font-size: medium;\">with which he won the special prize at the 2019 'creole NRW' com<\/span><\/span><span style=\"font-family: Verdana Pro Cond Light, sans-serif;\"><span style=\"font-size: medium;\">petition <\/span><span style=\"font-size: medium;\">.<\/span><span style=\"font-size: medium;\">in addition to classical and romantic solo, chamber music and orchestral literature, he is increasingly devoting himself to improvised music in the field of ten<\/span><\/span><span style=\"font-family: Verdana Pro Cond Light, sans-serif;\"><span style=\"font-size: medium;\">sion <\/span><span style=\"font-size: medium;\">between pop, jazz and new music.<\/span><span style=\"font-size: medium;\"> . <\/span><\/span><\/p>\n<p align=\"left\"><span style=\"font-family: Verdana Pro Cond Light, sans-serif;\"><span style=\"font-size: medium;\">He has been pursuing his passion for children's and youth theater as a theater musician for several years. He performs at the Junges Nationaltheater Mannheim and Theater Marabu in Bonn, among others, where he also works as a sound designer and composer. With the production 'Der B\u00e4r, der nicht da war' he received the Theaterpreis des Landes NRW in 2018.<\/span><\/span><\/p>\n<p><!-- Au\u00dferdem besch\u00e4ftigt er sich intensiv mit elektronischer Musikproduktion. --><\/p>","protected":false},"excerpt":{"rendered":"<p>Tobias Gubesch (*1991) studierte Klarinette und Instrumentalp\u00e4dagogik an der Hochschule f\u00fcr Musik und Tanz K\u00f6ln und an der Robert Schumann Hochschule D\u00fcsseldorf. Seit 2018 studiert er Musik und Medien am Institut f\u00fcr Musik und Medien der Robert Schumann Hochschule D\u00fcsseldorf. Vor allem an der Klarinette, Bassklarinette und Saxophon bewegt er sich in verschiedenen Stilistiken. Er [&hellip;]<\/p>","protected":false},"author":1,"featured_media":0,"parent":27,"menu_order":0,"comment_status":"closed","ping_status":"closed","template":"","meta":{"spay_email":""},"jetpack_sharing_enabled":true,"jetpack_shortlink":"https:\/\/wp.me\/Patb5P-1d","_links":{"self":[{"href":"http:\/\/tovte.de\/en\/wp-json\/wp\/v2\/pages\/75"}],"collection":[{"href":"http:\/\/tovte.de\/en\/wp-json\/wp\/v2\/pages"}],"about":[{"href":"http:\/\/tovte.de\/en\/wp-json\/wp\/v2\/types\/page"}],"author":[{"embeddable":true,"href":"http:\/\/tovte.de\/en\/wp-json\/wp\/v2\/users\/1"}],"replies":[{"embeddable":true,"href":"http:\/\/tovte.de\/en\/wp-json\/wp\/v2\/comments?post=75"}],"version-history":[{"count":10,"href":"http:\/\/tovte.de\/en\/wp-json\/wp\/v2\/pages\/75\/revisions"}],"predecessor-version":[{"id":1142,"href":"http:\/\/tovte.de\/en\/wp-json\/wp\/v2\/pages\/75\/revisions\/1142"}],"up":[{"embeddable":true,"href":"http:\/\/tovte.de\/en\/wp-json\/wp\/v2\/pages\/27"}],"wp:attachment":[{"href":"http:\/\/tovte.de\/en\/wp-json\/wp\/v2\/media?parent=75"}],"curies":[{"name":"wp","href":"https:\/\/api.w.org\/{rel}","templated":true}]}}

<figure id="attachment_1139" aria-describedby="caption-attachment-1139" style="width: 700px" class="wp-caption alignleft"><img decoding="async" loading="lazy" class="size-large wp-image-1139" src="http://tovte.de/wp-content/uploads/2024/07/Tovte_highres_2500px_©niclasweber-11-700x1050.jpg" alt="" width="700" height="1050" /><figcaption id="caption-attachment-1139" class="wp-caption-text">© Niclas Weber</figcaption></figure>
<p><span style="font-family: Verdana Pro Cond Light, sans-serif;"><span style="font-size: medium;">T</span></span><span style="font-family: Verdana Pro Cond Light, sans-serif;"><span style="font-size: medium;">obia</span></span><span style="font-family: Verdana Pro Cond Light, sans-serif;"><span style="font-size: medium;">s Gubesch (1991+) studied clarinet and instrumental pedagogy at the Hochschule für </span></span><span style="font-family: Verdana Pro Cond Light, sans-serif;"><span style="font-size: medium;">Since 2018, he has been studying music and media at the Institute for m</span></span><span style="font-family: Verdana Pro Cond Light, sans-serif;"><span style="font-size: medium;">usik und Medien der Robert Schumann Hochschule Düsseldorf.</span></span></p>
<p align="left"><span style="font-family: Verdana Pro Cond Light, sans-serif;"><span style="font-size: medium;">He plays various styles, </span><span style="font-size: medium;">particularly</span></span><span style="font-family: Verdana Pro Cond Light, sans-serif;"><span style="font-size: medium;">on the clarinet, bass clarinet and saxophone</span><span style="font-size: medium;"> Saxophon</span> <span style="font-size: medium;">He is a founding member of the Cologne-based ensemble 'electronic ID',</span><span style="font-size: medium;"> which specializes in </span><span style="font-size: medium;">the </span><span style="font-size: medium;">inter</span></span><span style="font-family: Verdana Pro Cond Light, sans-serif;"><span style="font-size: medium;">pretiation </span><span style="font-size: medium;">of 21st century intermedia music, and the klezmer group 'Tovte',</span><span style="font-size: medium;">with which he won the special prize at the 2019 'creole NRW' com</span></span><span style="font-family: Verdana Pro Cond Light, sans-serif;"><span style="font-size: medium;">petition </span><span style="font-size: medium;">.</span><span style="font-size: medium;">in addition to classical and romantic solo, chamber music and orchestral literature, he is increasingly devoting himself to improvised music in the field of ten</span></span><span style="font-family: Verdana Pro Cond Light, sans-serif;"><span style="font-size: medium;">sion </span><span style="font-size: medium;">between pop, jazz and new music.</span><span style="font-size: medium;"> . </span></span></p>
<p align="left"><span style="font-family: Verdana Pro Cond Light, sans-serif;"><span style="font-size: medium;">He has been pursuing his passion for children's and youth theater as a theater musician for several years. He performs at the Junges Nationaltheater Mannheim and Theater Marabu in Bonn, among others, where he also works as a sound designer and composer. With the production 'Der Bär, der nicht da war' he received the Theaterpreis des Landes NRW in 2018.</span></span></p>
<p><!-- Außerdem beschäftigt er sich intensiv mit elektronischer Musikproduktion. --></p>

<p>Tobias Gubesch (*1991) studierte Klarinette und Instrumentalpädagogik an der Hochschule für Musik und Tanz Köln und an der Robert Schumann Hochschule Düsseldorf. Seit 2018 studiert er Musik und Medien am Institut für Musik und Medien der Robert Schumann Hochschule Düsseldorf. Vor allem an der Klarinette, Bassklarinette und Saxophon bewegt er sich in verschiedenen Stilistiken. Er [&hellip;]</p>
